8))?
-11
Calculate 11 + -4 + 53 + (-1 - 13) + -216 + 222.
52
Evaluate 20 + -43 - -19 - ((-10 - -20) + 87).
-101
What is the value of 0 + (-18 - -1) - -32 - 18?
-3
Calculate 33 + 6 + -73 - -8.
-26
-4 - ((30 - (-15 - -35)) + (4 - 1) + -11)
-6
(7 - (-2 + -4)) + 72 + 60 - 18
127
Evaluate (-4 - 7 - (-2 + -6 + 85)) + 21.
-67
Calculate (-1 - 1) + (163 - (115 + 50)).
-4
What is 36 - (-85 + 110 + -56)?
67
What is the value of 12 - (-39 - -16 - -39) - 33?
-37
Calculate 4 + 2 + -19 - (-17 + -2) - 47.
-41
(9 - 14 - (4 - (9 + -6))) + -33
-39
Calculate -63 + 57 + (-34 - (6 - 18)).
-28
(-70 - -45) + (-10 - 19)
-54
What is (-23 - 5) + 14 - (-14 + 2)?
-2
42 + -4 + -112 + 142
68
What is the value of 65 - (-135 + -84 + 139)?
145
Calculate 9 + -71 + -40 - -27.
-75
What is the value of (-1 - -14) + 7 - -35?
55
Calculate -10 - (16 + (-109 - (26 + -22))).
87
What is the value of (-24 - -20) + 27 + -12 + -4 + 5?
12
-314 + 285 - (36 + -10 + 5)
-60
What is -95 + (-27 - -27) + (-28 - 1) + 14 + 1?
-109
What is -2 + 123 - (1170 + -936)?
-113
Evaluate (-10 + (-27 - -29) - -12) + 29.
33
Calculate (2 - -28 - (-50 + 51)) + -4 + -7.
18
What is (101 - (62 - -64)) + (3 - 68)?
-90
What is the value of (35 + 2 - 3 - (1581 - 1562)) + 79?
94
Calculate 7 - 0 - 2 - (-4219 - -4245) - 120.
-141
24 + -23 + -45 - -12
-32
What is the value of 17 + (-36 - -7 - -11) - 57?
-58
Evaluate (-78 - 1) + -432 + 511.
0
What is -272 - -356 - (-6 - -132)?
-42
What is -68 + 138 + -54 + (2 - 14)?
4
Evaluate 89 + (1050 - 1106) + 30 + -2.
61
-19 + 38 + (-21 - -55 - 0)
53
Evaluate 65 - 5 - -4 - (-19 + 1 + 65 + -46).
63
Calculate (-29 - 0) + (14 - ((24 - 3) + -7)).
-29
What is the value of (0 - -15) + (31 - (-8 - (-25 - 134)))?
-105
63 - ((150 - 87) + 80)
-80
Evaluate 103 - (158 - (77 + -59)).
-37
Evaluate (3 - -4 - 7) + 68 - (-6 + (3 - 6)).
77
150 + -157 - (-45 - (8 + -8))
38
(47 - 0) + (1 - -3 - (-21 - -31)) + 2
43
Evaluate -27 + (21 - -70) - (3 - 2).
63
What is 44 + 1 - (29 + 2 + (-612 - -580))?
46
What is 9 + -1 + (-15 + -58 - 16) + 13?
-68
Evaluate -96 - (-186 - -171) - ((1 - 0) + 11).
-93
What is -43 + 6 + 0 + (971 - 911)?
23
Calculate -14 + 66 + -5 + 20.
67
Calculate 74 + (5 - 6) + (-32 - (-10 - 5)).
56
What is -23 + 2 - (-103 - (-96 + -14))?
-28
What is (13 + 85 - 17) + -66?
15
2206 - 2169 - (65 - 1)
-27
Calculate (-28 - -47 - (5 - -4)) + 1 + -1.
10
What is the value of 40 + (-161 + 82 - -21)?
-18
Calculate (-170 - -35) + 32 + 23.
-80
Evaluate (-99 - -64 - -48) + -127.
-114
What is the value of (0 - (4 - 6)) + -3 - (20 + -12)?
-9
Evaluate -2756 + 2721 + -32 + 1.
-66
-1 + 2 + (-1 - -68) - (-18 + 24 + -3)
65
Calculate (-708 + 698 - (-2 + -4)) + (-32 - -1).
-35
Evaluate -1 + 5 + (-6 - -15) - (56 - (-65 + 163)).
55
(-19 + (7 - -9) - 3) + 78 + (-7 - -3)
68
Evaluate 24 + (-3 + -3 - 32 - 29).
-43
(1 - ((2 - 1) + -1 + 1)) + 13811 + -13846
-35
(1 - 38) + -4099 + 4104
-32
What is the value of -12 - (-7 - ((-37 - 1) + (238 - 239)))?
-44
Calculate (-186 - -97) + 78 + -123.
-134
Calculate -52 + 199 + -177 - (0 - -15).
-45
What is (176 - 30) + ((-16 - 4) + 11 - -2)?
139
What is 2 + (8 - 21) + -2 + (-10 - -34 - -13)?
24
What is the value of 11983 - 12056 - (3 - (5 + -3) - -18)?
-92
-73 - -34 - (11 - (-14 + 7) - 1)
-56
Evaluate 20 + -16 + (-7 - -36) + 0 + 8.
41
Evaluate 15 - ((-15 - -62) + -107 + 122).
-47
-5 + -12 + 20 - -10 - (-2 + -5)
20
Calculate -69 + (40 - -2) - (6 + -87).
54
Evaluate -10 + -2 + (114 - (14 - (8 + 6 + -21))).
81
(-59 - 0) + -1394 + 1459
6
13 + 12 + (13 - 28) - 19
-9
Calculate 88 + -7 + -47 + -1 + -3.
30
Evaluate 12 + (-97 - (19 + (-18 - 13))).
-73
Calculate 295 + -309 - (3 - -1 - 1).
-17
Calculate (45 - -6 - 68) + (-2 - (-6 + -2)).
-11
What is 2 - 7 - -27 - (-385 - -439)?
-32
66 + -19 + -5 + 16
58
(0 + -2 - (17 - (22 - 18))) + 110
95
Calculate -23 + -2 + -16 + (103 - 43).
19
Calculate (-14 + -5 - -8) + (1 - 8) + -9.
-27
Calculate 3123 + -3227 - (-1 - 55).
-48
What is -5 - ((2 - 127) + 76)?
44
What is the value of -10 + (17 - (2 - 3)) + -1 + (5 - -2)?
14
48 + (-25 - -37 - (-1 - 0)) + -25
36
Calculate 0 - 0 - (-26 + (-105 - -29 - -38)).
64
What is the value of (-1 - -13) + 617 + -646 - -4?
-13
29 + ((-9 - -24) + -7 - ((-9 - -5) + 1))
40
Evaluate (-6 + 5 - (9 + -13)) + -11 + 29.
21
(2 + (-10 - -30) - 97) + 9
-66
What is the value of -22 + (-10 - (-14 + -27))?
9
What is (1 - 3) + (0 - ((0 - -13) + -13))?
-2
Calculate -12 + (-24 - (-34 - 32)).
30
What is the value of ((15 - 19) + 7 - (-31 - 3)) + 1 + -1?
37
Calculate 12 - ((34 - (0 - 1)) + (-137 - -124)).
-10
What is 25 + 55 + -5 + -23 + -47 + 10 + 0?
15
Evaluate (-5 + -6 + 9 - -36) + -36 + 23.
21
23 + 35 + -89 + (-6 - -44)
7
What is the value of -14 + -12 + 9 + -19 + -16 + 74?
22
Evaluate 3 + (-9 - -1 - 6 - (14 + 21)) + 5.
-41
-8025 + 8089 + (7 + 1 + 3 - -3)
78
Calculate -3 - (-29 + 17 + -18 + (14 - -1)).
12
Evaluate 34 - (1480 + -1476 + (1 - -119)).
-90
Evaluate 0 + (38 - 6) + (-6 - (10 + 1 + -12)).
27
99 + -19 + (18 - -3) + 6 + -12
95
-94 - (63 - (-74 + 194))
-37
Calculate -16 + 14 + -2 - 17 - (4 - -108).
-133
What is the value of -138 - -81 - -26 - 92?
-123
What is -17 + (15 - 20) - 15 - -56?
19
Calculate 52 + 14 - (23 + -3 + 3).
43
What is the value of -8 + ((10 - 4) + -8 - (-15 + -1)) - 6?
0
Calculate -43 - -21 - -6 - (2 - (0 - 1)).
-19
Evaluate (28 + (2 - 46) - -48) + 24.
56
35 - (9 + (5 - 1 - -2) + -1315 + 1305)
30
What is (9 - (6 + -10)) + -65 + -3 + -6?
-61
What is 115 + 1 + -1 - 1 - (289 - (372 + -78))?
119
What is the value of (5 - 34 - 3) + 4 + 12?
-16
78 - (57 + -43 + 35)
29
Evaluate -2 + 8 + 2 + -19 + (2 - 9).
-18
Calculate -12 - -65 - (-65 - -23).
95
What is the value of 2 + -10 + 25 + 45 + -57 + 21?
26
Evaluate (-15 - -8) + -2 + 12 + 10 + -93 + -9.
-89
Calculate (10 + -17 - -3) + -24 + -1 - 3.
-32
3 + (85 - (-67 + 163)) + 55 + 0
47
Evaluate 3 + -25 + -19 + 35 - 40.
-46
147 - 154 - 58 - (-1 - -2 - (6 - 9))
-69
(-22 - -59) + -9 - 0
28
18 + 1 - (-271 + 249)
41
Calculate (0 - -4) + (-5 - (-39 + 14)).
24
What is -26 - (18 - 150 - (64 - 45))?
125
What is (-199 - -73 - -90) + 154?
118
What is the value of 14 + (-18 - (-1 - -3 - 6))?
0
Calculate (21 - (45 + 36)) + (15 - (-1 - -3)).
-47
Evaluate 32 + (-3 - -4) + -48 + 77.
62
(11 + -1 - (155 + -90)) + 15
-40
Evaluate (10 - (17 - (-8 + 3) - (2 + 8))) + -29.
-31
What is -51 + (19 - 25) + 7 - (-1 + -9)?
-40
Evaluate (0 - -1) + (-54 + 135 - 11) + -22.
49
What is (-1 - 20) + -6641 + 6768?
106
What is -124 + (-4 - -103) + 113?
88
What is -4 + 5 + 7 + -5 + -14 + 33?
22
Evaluate -71 - (-39 + 34 + -32 - -11).
-45
What is -16 + 9 + 13 + -1 + 4?
9
What is the value of 39 + (-128 - -7) + 166?
84
-87 - ((-9 - (-16 - 28)) + -7)
-115
Evaluate (10 - -1) + (-105 + 309 + -192 - (88 + 0)).
-65
What is the value of -130 - (-11 + (4 - (16 + -13 + -7)) + 5)?
-132
Evaluate (1 - 2 - 15) + (234 - 135) + -107.
-24
15 - 10 - (30 + -14) - (-65 - (-1 + -3))
50
(8 + -4 - 26) + -2 + -8 + 10 + 2
-20
Evaluate 13 + -11 + -4 - (-1 + 2) - (-47 - 2).
46
What is the value of -81 + 11 + -30 + 1 + 0 + (-8 - 4)?
-111
What is 9 + 38 + (-12 - 14) + (-62 - 3)?
-44
Evaluate 47 + 54 - 58 - 20.
23
What is the value of -129 + (-8 - (11 + (-9 - (-3 - (11 + -15)))))?
-138
-4 + 22 + 4 - (-5 - -32)
-5
What is 23 + 9 + -8 + -38 + 2 + (-73 - -1)?
-84
What is 78 - (16 + -21 + 50)?
33
Evaluate -526 + 481 + (1 - -120).
76
-24 - 3 - (-482 + 447)
8
-9 + (-7 - (11 + -15) - (3 - 6))
-9
Evaluate -1 + -14 - (-91 - (-128 - -57)).
5
0 - ((5 + 3 - (9 + -6)) + (39 - 10))
-34
((8 + 6 - 31) + 22 - 113) + -17
-125
-20 + -2 + 41 + -23 - (-30 - -2)
24
Calculate -62 - (-20 - -2 - -2 - (-4605 + 4590)).
-61
Calculate -308 - -219 - (-5 - 64).
-20
Evaluate (-2 + 52 - (11 + -18)) + (-39 - -20).
38
What is the value of (-84 - -5) + 107 - -66?
94
What is the value of -5 + 72 - (-1 - -14) - (-27 - -20)?
61
Evaluate (36 - 7) + (2 - (46 + -41 - (0 - -7))).
33
What is 0 + (-13 - -17) + (-1 - 9) - (-52 - -57)?
-11
Calculate (1 - 8) + (-98 + 23 - -6) - -4 - -10.
-62
What is the value of -7 - -11 - 13 - (19 + -80)?
52
What is 71 - ((2 - -71) + 62)?
-64
What is the value of -529 - -531 - ((0 - (-3 - 1)) + 4) - -115?
109
What is the value of 568 + -555 + 0 + -8 - (-45 - 0)?
50
Calculate -24 + (-32 + 8 - -52).
4
(-25 - (0 + 2 + -4)) + (-490 - -498)
-15
What is -1 + 56 - (2250